ided by 112?
4
Suppose 32*v + 251 - 891 = 0. Calculate the remainder when 542 is divided by v.
2
Suppose 0 = -3*f - 4*i + 5741, 73 - 83 = -5*i. What is the remainder when f is divided by 148?
135
Suppose -4*r + 5*b = -2*r - 19, -2*r - 5 = 3*b. Suppose -2*l - 3*n - r*n = -59, -4*l - n + 91 = 0. What is the remainder when 8 + -5 - 246/(-3) is divided by l?
19
Suppose 2*z + 7*g = 12*g + 56, -4*g + 140 = 4*z. What is the remainder when 186 is divided by z?
21
Let s(t) = -4*t**3 + 49*t**2 - 18*t. Let u be s(12). Calculate the remainder when 70 is divided by 76/2 + 5 + u/12.
33
Let r = -6420 + 13309. Calculate the remainder when r is divided by 265.
264
Suppose 0 = 2*l - 5*l + 255. Calculate the remainder when l is divided by ((-2222)/5555)/(-1 + (-123)/(-125)).
10
Let q be (2/6)/((-1)/(-15)). Suppose 29*l = 6*l + 1840. Suppose -2*u + 80 = 4*r, r = q*r - 5*u - l. Calculate the remainder when 56 is divided by r.
16
Let o(x) = x**2 - 17*x - 412. Calculate the remainder when 3478 is divided by o(33).
114
Let p(j) = -j. Let f(a) = -a**2 + 7*a + 12. Let t be f(10). Calculate the remainder when 267 is divided by p(t).
15
Let m = -9801 + 11871. Calculate the remainder when m is divided by 61.
57
Suppose 0 = -515*p + 495*p + 11240. Calculate the remainder when p is divided by 88.
34
Let y(d) = d**2 - 3*d - 9. Let g = -5316 + 5341. What is the remainder when y(-6) is divided by g?
20
Let y be 6*5/120 + (-526)/(-8). Suppose -r + y = 5*b, -2*b + 31 = 2*r + 3*r. What is the remainder when 89 is divided by b?
11
Let z = -3108 + 3254. What is the remainder when 294 is divided by z?
2
Let a = -326 - -478. Let u = 91 + -175. Let p = u + a. Calculate the remainder when p is divided by 18.
14
Suppose c + 2*c = 0. Suppose c = -3*z + 2*z + 1. Suppose m - 6*t + 2*t - 34 = -7*t, 0 = 22*m + 4*t - 66. What is the remainder when m is divided by z?
0
Let j(l) = -l**3 + 8*l**2 - 8*l + 12. Let k be (-4 + 2)*(-7)/(-4)*-2. Let n be j(k). What is the remainder when 7 is divided by (28/35)/(2*1/n)?
1
Let y = 35 - 30. Let j(u) = 5*u - 4. Let x be j(y). Suppose d = -x + 73. What is the remainder when d is divided by 18?
16
Let u = 103 + -107. Let z(t) = 2*t**2 + 18*t + 60. Suppose 0 = 4*o + 38 - 334. What is the remainder when o is divided by z(u)?
14
Let b = 9106 + -8731. Calculate the remainder when b is divided by 14.
11
Let x(s) = 2*s**2 - 20*s - 31. Let g be (3/(-4))/((-16)/256). Calculate the remainder when (-572)/(-18) + (-6)/(-27) is divided by x(g).
15
Let l(v) = -5*v**3 - 5*v**2 - 5*v + 2. Let f(g) = -2*g**2 + 10*g + 452. Calculate the remainder when l(-4) is divided by f(-12).
42
Suppose 0 = 3*y - 5*r - 90, 0 = 4*y + 3*r - 95 - 112. What is the remainder when 86 - (0 - 1 - -1) is divided by y?
41
Suppose -u - 2041*r + 2044*r + 680 = 0, 5*r - 680 = -u. What is the remainder when 2052 is divided by u?
12
Suppose 5*j = 3*q - 159, 92 = -3*j - 5*q - 17. Let o = -15 - j. Let k(n) = n**3 - n**2 - 2*n + 159. Calculate the remainder when k(0) is divided by o.
15
Suppose 110*k = 117*k - 28. Suppose -268 = -4*q + k*c, 2*q + c = 4*q - 135. Calculate the remainder when q is divided by 4.
0
Suppose 6*u - 4*u = 0. Let m(h) = 2*h + 61. Let g be m(u). Suppose 39 = -2*n + g. What is the remainder when 18 is divided by n?
7
Suppose 2969 = 18*k + 161. What is the remainder when k is divided by 54?
48
Suppose -210 = -8*m - 170. Suppose x + 9 = -m*g, 2*x - 12 - 6 = 2*g. What is the remainder when x is divided by 2?
0
Suppose -3*c = -s + 27, -22*s - 4*c + 133 = -19*s. Calculate the remainder when 1898 is divided by s.
26
Suppose -5*f = l - 56, 34*l + 2*f - 152 = 32*l. Calculate the remainder when l is divided by 77.
4
Let v = -2044 + 2138. What is the remainder when 234 is divided by v?
46
Let d(m) = 2*m**3 - 7*m**2 + 8*m - 15. Suppose -59*h + 61*h - 112 = 0. What is the remainder when h is divided by d(4)?
23
Suppose -16*k + 15*k = -36. Suppose -22*s - k = -26*s. What is the remainder when 40 is divided by s - ((-6)/(-3) - 4)?
7
What is the remainder when 45 is divided by ((-2)/(-15))/((-561)/(-92565))?
1
Let y(h) = -22*h**2 + 338*h + 16. Suppose 2*w - 3*w = -f + 46, -2*f = 2*w - 92. What is the remainder when y(15) is divided by f?
44
Suppose 15*h - 16*h = -270. Suppose 0 = 4*w - 9*w + h. Suppose 2*u - w = -u. Calculate the remainder when 70 is divided by u.
16
Let p(k) = 5*k - 56. Let x = 24 + -22. Suppose 8 = 3*c - x*c. Calculate the remainder when c is divided by p(12).
0
Let v(a) = 181*a - 207. Let y = -70 + 153. Calculate the remainder when v(2) is divided by y.
72
Let c = -9449 - -10288. Calculate the remainder when c is divided by (-184)/69*(-21)/2.
27
Let h = 358 + -362. What is the remainder when 72 is divided by h + (-210)/(-48) - (-666)/16?
30
Suppose -536 = -5*u - 4*r, r = 4*u + 100 - 512. Let m = -16 + u. Suppose 0 = -7*z - 11 + m. What is the remainder when 42 is divided by z?
9
Suppose -49*n = -258 - 722. Suppose 56*j = n*j + 4968. Calculate the remainder when j is divided by 11.
6
Let k be (5/3 + -1)/(8/444). Suppose 9*w - 8 = k. Suppose -145 = -4*h - h. What is the remainder when h is divided by w?
4
Suppose 27 + 33 = -6*v. Suppose -2*o - 16 = -8. Calculate the remainder when o/(-5) + (-462)/v is divided by 25.
22
Suppose -3*n + 2557 = -5*q, -2525 = q + 4*q + 5*n. Let b = -487 - q. What is the remainder when 306 is divided by b?
20
Let q(k) = -k**3 + 13*k**2 + 82*k + 176. What is the remainder when q(16) is divided by 146?
136
Suppose -11 = -r - 8. Let w(v) = 7*v. Calculate the remainder when 34 is divided by w(r).
13
Suppose 4*m + 2*m = -610 + 3040. Calculate the remainder when m is divided by 98.
13
Suppose 4*m + 6 - 86 = 0. Suppose 1778 = -124*z + 9838. What is the remainder when z is divided by m?
5
Suppose -28*i = -8398 - 15346. Calculate the remainder when i is divided by 423.
2
Let x = 374 - -790. Suppose -4*n = -4*w - x, -1463 = -5*n - 0*n + 3*w. Calculate the remainder when n is divided by 99.
97
Let t(q) = -11*q - 6. Suppose 16*r - 19*r - 12 = 0. Let a(m) = -m**3 - 6*m**2 - 6*m - 16. What is the remainder when t(r) is divided by a(-6)?
18
Let g(u) = 1125*u + 2273. Calculate the remainder when (-2)/4 + (-133)/(-2) is divided by g(-2).
20
Let y = -4788 + 4824. Calculate the remainder when 1617 is divided by y.
33
Let k(f) = f**3 - 22*f**2 + 45*f - 76. Suppose -40 = -3*g + 3*l + 11, l - 3 = 0. Calculate the remainder when 68 is divided by k(g).
20
Calculate the remainder when (-9 - -3)/((-354)/181897) is divided by 32.
11
Let a(c) = -28*c**3 - 60*c**2 - 284*c + 17. Calculate the remainder when a(-5) is divided by 4.
1
Let o(j) = -4*j**3 - 54*j**2 + 162*j + 95. Suppose -4*i - 365 + 1109 = 0. Calculate the remainder when i is divided by o(-16).
60
Suppose f = 5*x + 1785, 1953*f = 1958*f + 3*x - 8841. Calculate the remainder when f is divided by 16.
10
Suppose 5*h + x - 3 = 0, 3*x - 6 = 3. Suppose b + 1118 = 2*s - 804, s + 4*b - 961 = h. What is the remainder when s is divided by 26?
25
Let y(r) = 45*r**2 - 57*r - 109. What is the remainder when y(-2) is divided by 48?
41
Let x(u) = -3*u + 63. Let h(k) = -2*k**3 + 20*k**2 + 4*k - 22. Let q be h(10). What is the remainder when 215 is divided by x(q)?
8
Let d(h) = -h**3 + 11708*h + h**2 + 11*h**2 - 11716*h - 3. What is the remainder when 142 is divided by d(11)?
22
Suppose 2*f + 3*t - 206 = -69, f + 3*t - 79 = 0. What is the remainder when 4349 is divided by f?
57
Suppose 4*k + 0*k + 6 = -b, 5*k + 53 = 2*b. Let r(s) = -15*s - 39. Calculate the remainder when r(-9) is divided by b.
12
Let b = -282 + 286. Suppose q + 9*w - 11 = 4*w, -q - b*w + 12 = 0. Calculate the remainder when 23 is divided by q.
7
Let y = 2 - 12. Let x(b) = -194*b + 42 - 194*b - 191*b + 583*b. Calculate the remainder when 21 is divided by x(y).
1
What is the remainder when 913 is divided by 99/9 + -16 + 120?
108
Let o = 2360 - 2352. Let i(x) = x**2 - 3*x - 3. Let h be i(4). What is the remainder when o is divided by h/2*(1 + 11)?
2
Let s(z) = -11*z**3 + 10*z**2 + 6*z + 5. Calculate the remainder when 21 is divided by s(-1).
1
Let h(x) = -3*x - 8. Let v(j) = -5*j + 15. Let l be v(-14). Let a = l - 45. Calculate the remainder when a is divided by h(-5).
5
Suppose -3*n - 28 = -3*t + 113, 5*t = -5*n + 305. Calculate the remainder when 7019 is divided by 